u - j - 12, y = u - 5. What is the remainder when i is divided by 6?
3
Suppose 0 = -5*n - 0*x - 3*x + 57, -5*n = -2*x - 37. Calculate the remainder when 16 is divided by n.
7
Suppose -4*i + 70 = -5*d - 47, 3*d + 84 = 3*i. Calculate the remainder when i is divided by 8.
7
Suppose -5*i + 33 = -2*i. What is the remainder when 32 is divided by i?
10
Let n = -76 - -116. Suppose -n = -h - 4*h. What is the remainder when 30 is divided by h?
6
Let s(x) = x**2 + 3*x - 3. Let z be s(-4). What is the remainder when (-1)/1*(z - 10) is divided by 4?
1
Let g = 103 - 97. Let l(i) = 2*i**2 - 3. Calculate the remainder when l(-3) is divided by g.
3
Let b(y) = 2*y + 20. Let a = 38 + 8. What is the remainder when a is divided by b(-4)?
10
Let p = 5 + 27. What is the remainder when p is divided by 3?
2
Let y(q) = q**2 - q - 3. Let u(x) = -x**2 - 13*x + 4. Let t be u(-13). What is the remainder when 12*(110/8)/5 is divided by y(t)?
6
Suppose 4*a - 18 = 2. Suppose -3*c + 0*c = -12, -a*k + c - 4 = 0. What is the remainder when -1 + (1 - k - -31) is divided by 11?
9
Let x(y) = y**2 - y - 6. Let w(c) = c**2 + 11*c - 13. Calculate the remainder when x(6) is divided by w(-13).
11
Let h(f) = -f**3 - f**2 + 8. What is the remainder when (1/(-3))/(9/(-837)) is divided by h(0)?
7
Suppose 0 = 3*d + 14 - 239. What is the remainder when 51 is divided by 1 + 2 - d/(-5)?
15
Suppose j + g - 2*g - 34 = 0, j = 3*g + 24. Calculate the remainder when j is divided by 5.
4
Suppose 13 = -3*x - 2. Let q = x - -11. Let w = q - -19. Calculate the remainder when w is divided by 9.
7
Suppose 0 = -6*z + 2*z + 76. Let x = -6 - -5. Let h(w) = -56*w**3 - 1. What is the remainder when h(x) is divided by z?
17
Suppose 5*c + 3*f - 92 = 0, 2*c + f - 6 - 30 = 0. What is the remainder when 93 is divided by c?
13
Let t = 12 + -5. Calculate the remainder when 10 is divided by t.
3
Let b(u) = 0*u**3 + 2*u**2 - 6*u**2 + 3*u - u**3 - 6. Let n be b(-5). Suppose m - n*m + 3 = 0. Calculate the remainder when 2 is divided by m.
0
Suppose 4*y = -4, -55 = -r - 4*y + 10. What is the remainder when r is divided by 9?
6
Suppose -8 = -4*o - 0. Suppose 2*v = 3*y + 7, 2*v + o*v + 2*y - 38 = 0. Suppose -v = -5*c + 62. Calculate the remainder when 40 is divided by c.
12
Let i = -55 - -34. Let d = i - -33. Calculate the remainder when 21 is divided by d.
9
Let i = 27 - -10. Let x(p) = -p**3 - 7*p**2 - 6*p + 5. Let b be x(-6). Suppose 39 = -2*y + b*y. Calculate the remainder when i is divided by y.
11
What is the remainder when -10 - -57 - 0/2 is divided by 8?
7
Suppose -2*i = -4*i + 42. Calculate the remainder when 82 is divided by i.
19
Suppose -4*m - 3*o + 53 = 5, 5*o = 0. What is the remainder when 70/2 - (-3)/(-3) is divided by m?
10
Let h(v) = 6*v**2 - 4*v - 1. Suppose 4*t = f + 45, 5*f - 28 = -t - 2*t. Calculate the remainder when h(3) is divided by t.
8
Let k = 107 + -84. Calculate the remainder when 45 is divided by k.
22
Let b(y) = 3 + 0 - y - 4. Calculate the remainder when 16 is divided by b(-7).
4
Suppose -2*h - h = 309. Let d be 6/21 - h/7. Let l = d - 5. Calculate the remainder when l is divided by 6.
4
Suppose a + 2*l - 16 = -1, -2*l + 66 = 4*a. Calculate the remainder when a is divided by 10.
7
Suppose 0 = -2*s - y + 2 + 6, -5*s + 9 = -3*y. What is the remainder when (s - (-12)/(-5))*35 is divided by 8?
5
Let a = 40 - 7. Suppose -s - 1 + 10 = 0. What is the remainder when a is divided by s?
6
Let d(n) = n - n + 5 - n. Let t be d(0). Suppose t*o = -i + 74, 2*i + 6 = 2*o - o. Calculate the remainder when 40 is divided by o.
12
Suppose 44*l - 156 = 40*l. Calculate the remainder when l is divided by 21.
18
Suppose s + 1 = -4*m - 0*m, 0 = 2*m. Let n(i) = 16*i**2 - i. Calculate the remainder when 64 is divided by n(s).
13
Suppose 3*r = 2*t - 42, -3*t - 5*r + 63 = -r. Let k = 14 - 6. Calculate the remainder when t is divided by k.
5
Suppose 4*m = 8*m. Suppose 6*w - 2*w - 16 = m. Calculate the remainder when 7 is divided by w.
3
Let a = -5 + -27. Let p = a - -66. What is the remainder when p is divided by (-2)/4*4*-6?
10
Let s be 2/(-2) + (-26)/(-2). Suppose z + 2*v + 2*v = 15, z + v - s = 0. What is the remainder when 42 is divided by z?
9
What is the remainder when 10/(60/52 + -1) is divided by 22?
21
Suppose -4*y + 5*z + 0*z = -93, -5*y = -4*z - 105. Let l = -1 + 46. Suppose -w = 4*w - l. What is the remainder when y is divided by w?
8
Let g = 30 - 6. Let v = g - 10. Calculate the remainder when 27 is divided by v.
13
Suppose 0 = 5*d + 2*x - 259, -2*x - x - 198 = -4*d. Calculate the remainder when d is divided by 6.
3
Suppose 5*w + 35 = 4*y, -4*y + 8 = -0*y + 4*w. Calculate the remainder when -2 + y + (-2 - -5) is divided by ((-24)/20)/((-3)/10).
2
Suppose 5*v = -4*l + 52, 5*v - 44 = 2*l - 5*l. Let r = l - 5. Suppose 0 = 2*c - r*c + 31. Calculate the remainder when c is divided by 16.
15
Suppose -2*y - 10 = -d + 15, 2*y = -d + 25. Calculate the remainder when 71 is divided by d.
21
What is the remainder when 23 is divided by 2/(-8)*-1 + 165/44?
3
Suppose -5*v + 304 = 4*m, 4*m - 126 = 5*v + 178. Let k = m - 49. What is the remainder when k is divided by 10?
7
Suppose 4*y + 113 = t + 37, 3*y - 3*t = -66. Let m = y + 27. Calculate the remainder when 16 is divided by m.
7
Let n(c) = c**2 - 16*c + 24. What is the remainder when 34 is divided by n(15)?
7
Let a = -5 - -13. Calculate the remainder when 29 is divided by a.
5
Let s = -9 + 24. Let o be (-91 + 1)*(-6)/5. Suppose -91 = -5*c + 4*n + o, -5*c - 5*n + 235 = 0. Calculate the remainder when c is divided by s.
13
Let t = 57 + -32. Calculate the remainder when 73 is divided by t.
23
Let n = 0 + 4. Calculate the remainder when (-2)/(-3)*150/10 is divided by n.
2
Let h = 25 + -17. What is the remainder when 23 is divided by h?
7
Let w(v) = -22*v - 71. Let r = -13 + 27. What is the remainder when w(-5) is divided by r?
11
Suppose -7 = -q - 2, 3*q = -2*y + 93. Calculate the remainder when y is divided by 20.
19
Suppose 0 = 4*y - 12 - 24. Let z = y + -6. What is the remainder when 6 is divided by z?
0
Let n = 0 - -3. Suppose 0*a + 17 = a - n*h, -4*h = 5*a - 104. Suppose 3*x - 82 = a. Calculate the remainder when x is divided by 12.
10
What is the remainder when 249 is divided by 47 - (7 + -4 + 2)?
39
Let j(q) = 3*q**2 - 1. Let f be j(1). Suppose f*b = -0 + 16. Calculate the remainder when b is divided by (-2)/4 - (-22)/4.
3
Suppose 3*d = 5*d - 10. Suppose 0*z + 265 = 5*m + d*z, 3*m - 151 = -z. Calculate the remainder when m is divided by 25.
24
Suppose -12*o = -214 - 1262. Calculate the remainder when o is divided by 21.
18
Let s = 13 + 6. What is the remainder when s is divided by 10?
9
Suppose -4 = -2*w - 2*w. Let i = w - -1. Suppose -i*b + 10 = -b. What is the remainder when 18 is divided by b?
8
Suppose -2*p + 108 = 2*l - 6*p, 249 = 5*l - 3*p. Suppose -5*j + l = -j. Calculate the remainder when 0/(-2) + (34 - 12) is divided by j.
10
Suppose 9*u = 18 + 9. Suppose 5 = x, -2*f + 6*x + 10 = 4*x. Calculate the remainder when f is divided by u.
1
Let m(k) = k**2 + 3*k + 13. What is the remainder when 29 is divided by m(-4)?
12
Let z = -132 - -281. Suppose -3*u + z = l - 2*l, -199 = -4*u + l. What is the remainder when u is divided by 17?
16
Suppose 2*l - 219 = j, -3*l - 2*j = -l - 204. Calculate the remainder when l is divided by 29.
20
Suppose -f + 8 + 4 = 0. Calculate the remainder when f is divided by 9.
3
Suppose 4*o + g - 11 = 22, 0 = o + 5*g + 6. Suppose f - 30 = 3*p + 2*p, f + 2*p = o. Suppose -2*v = -55 - f. What is the remainder when v is divided by 18?
17
Suppose 0 = -2*t - 0*t + 16. Suppose 2*y + 22 = 3*k, -3*y + 6*y + t = 2*k. Suppose 81 = 4*n + 9. What is the remainder when n is divided by k?
8
Let m = 35 + -15. What is the remainder when m is divided by 11?
9
Let s = -8 + 4. Let b = s - -8. Calculate the remainder when 10 is divided by b.
2
Let g = -12 + 17. Suppose -g*z + 0*z + 22 = 2*x, 2*x + 18 = 5*z. What is the remainder when 23 is divided by 344/28 - z/14?
11
Let k = 128 - 98. Calculate the remainder when 297 is divided by k.
27
Suppose -p - 4*p = -30. Suppose 4*o - 58 - 18 = 0. Suppose o = l - p. What is the remainder when l is divided by 9?
7
Calculate the remainder when (5/(-10))/((-2)/40) is divided by 2.
0
Suppose -2*d = -3*l - 7*d + 1, -l +